{"id":11,"date":"2024-08-22T15:52:33","date_gmt":"2024-08-22T15:52:33","guid":{"rendered":"https:\/\/kokkopartio.fi\/?page_id=11"},"modified":"2026-02-19T13:32:59","modified_gmt":"2026-02-19T13:32:59","slug":"toiminta","status":"publish","type":"page","link":"https:\/\/kokkopartio.fi\/?page_id=11","title":{"rendered":"Toiminta"},"content":{"rendered":"\n<figure class=\"wp-block-image size-large is-resized\"><img loading=\"lazy\" decoding=\"async\" width=\"768\" height=\"1024\" src=\"https:\/\/kokkopartio.fi\/wp-content\/uploads\/2024\/08\/kesaleiri-768x1024.jpg\" alt=\"\" class=\"wp-image-25\" style=\"object-fit:cover;width:900px;height:200px\" srcset=\"https:\/\/kokkopartio.fi\/wp-content\/uploads\/2024\/08\/kesaleiri-768x1024.jpg 768w, https:\/\/kokkopartio.fi\/wp-content\/uploads\/2024\/08\/kesaleiri-225x300.jpg 225w, https:\/\/kokkopartio.fi\/wp-content\/uploads\/2024\/08\/kesaleiri-1152x1536.jpg 1152w, https:\/\/kokkopartio.fi\/wp-content\/uploads\/2024\/08\/kesaleiri-1536x2048.jpg 1536w, https:\/\/kokkopartio.fi\/wp-content\/uploads\/2024\/08\/kesaleiri-scaled.jpg 1920w\" sizes=\"auto, (max-width: 768px) 100vw, 768px\" \/><\/figure>\n\n\n\n<p>Kaudella 2025-2026 Kokkopartiolla py\u00f6rii yksi lauma, yksi seikkailijaryhm\u00e4 sek\u00e4 silloin t\u00e4ll\u00f6in kokoontuva tarpojaryhmittym\u00e4.<\/p>\n\n\n\n<p>Sudenpennut eli 7-9 vuotiaat kokoontuvat laumassa, johon kuuluu t\u00e4ll\u00e4 hetkell\u00e4 noin 10 lasta. <br>Seikkailijat meill\u00e4 koostuu partiolaisista, jotka ovat i\u00e4lt\u00e4\u00e4n 10-12 vuotiaita.\u00a0<br>Tarpojaryhm\u00e4n partiolaiset ovat 13-15 vuotiaita.<\/p>\n\n\n\n<p>Toimintavuoteen kuuluu kokoukset oman ryhm\u00e4n kanssa, lippukunnan omalla er\u00e4k\u00e4mp\u00e4ll\u00e4 eli Loppulassa k\u00e4yminen sek\u00e4 leirit. Loppulassa pyrit\u00e4\u00e4n k\u00e4ym\u00e4\u00e4n jokaisen ryhm\u00e4n kanssa v\u00e4hint\u00e4\u00e4n 1-2 kertaa vuoden aikana, joko y\u00f6n yli tai p\u00e4iv\u00e4selt\u00e4\u00e4n.<\/p>\n\n\n\n<p>2025 kaudella j\u00e4rjestimme lippukunnan oman Ulappa syys\/talvileirin Loiston leirikeskuksessa ja pyrimme j\u00e4rjest\u00e4m\u00e4\u00e4n leirin alkavallakin kaudella. <br>Lis\u00e4ksi osallistuimme kes\u00e4ll\u00e4 2025 Pohjanmaan Partiolaisten piirileirille Orbikselle. Mukana leirill\u00e4 oli sek\u00e4 seikkailijoita, sudenpentuja, aikuisia, ett\u00e4 perhepartiolaisiakin.<\/p>\n\n\n\n<p>Kannustamme ryhmi\u00e4 osallistumaan my\u00f6s piirin j\u00e4rjest\u00e4mille leireille ja partiotaitokilpailuihin.\u00a0<br><br>Lis\u00e4ksi lippukunnan aikuisosasto osallistui perinteiseen Inti\u00f6n hautausmaan jouluaaton kynttil\u00e4nsytytykseen, jossa avustamme Oulun seurakuntia sytytt\u00e4m\u00e4ll\u00e4 kynttil\u00e4t sankarihaudoille.<\/p>\n\n\n\n<div class=\"wp-block-columns alignfull are-vertically-aligned-center is-layout-flex wp-container-core-columns-is-layout-1 wp-block-columns-is-layout-flex\">\n<div class=\"wp-block-column is-vertically-aligned-center is-layout-flow wp-block-column-is-layout-flow\" style=\"flex-basis:33%\"><\/div>\n\n\n\n<div class=\"wp-block-column is-vertically-aligned-center is-layout-flow wp-block-column-is-layout-flow\" style=\"flex-basis:70%\"><div class=\"wp-block-jetpack-google-calendar\"><iframe loading=\"lazy\" src=\"https:\/\/calendar.google.com\/calendar\/embed?height=600&#038;wkst=2&#038;ctz=Europe%2FHelsinki&#038;bgcolor=%23ffffff&#038;hl=fi&#038;showTz=0&#038;showCalendars=0&#038;showTabs=0&#038;showPrint=0&#038;src=Y2JjOTJkMmYwOTU1NmQ3MTljMDE4NTZmYzAwZjFjNjllNTM4OTdmOTNiMzJjMmMwMGJmYWVkZTc5Yzc1Mjc0OEBncm91cC5jYWxlbmRhci5nb29nbGUuY29t&#038;src=M2RkMDRiMTUxMDQyYWUzOTZiNjMwNGQ5YzdlNTQwMWFhYzA2NjE4ZGYzYjY3ZjZlZTc3MzMzNWFiNjFhMjM0ZEBncm91cC5jYWxlbmRhci5nb29nbGUuY29t&#038;src=ZmkuZmlubmlzaCNob2xpZGF5QGdyb3VwLnYuY2FsZW5kYXIuZ29vZ2xlLmNvbQ&#038;color=%233F51B5&#038;color=%23D50000&#038;color=%230B8043\" frameborder=\"0\" style=\"border:0\" scrolling=\"no\" height=\"600\" width=\"100%\" sandbox=\"allow-scripts allow-same-origin allow-popups\"><\/iframe><\/div><\/div>\n\n\n\n<div class=\"wp-block-column is-vertically-aligned-center is-layout-flow wp-block-column-is-layout-flow\" style=\"flex-basis:33%\"><\/div>\n<\/div>\n","protected":false},"excerpt":{"rendered":"<p>Kaudella 2025-2026 Kokkopartiolla py\u00f6rii yksi lauma, yksi seikkailijaryhm\u00e4 sek\u00e4 silloin t\u00e4ll\u00f6in kokoontuva tarpojaryhmittym\u00e4. Sudenpennut eli 7-9 vuotiaat kokoontuvat laumassa, johon kuuluu t\u00e4ll\u00e4 hetkell\u00e4 noin 10 lasta. Seikkailijat meill\u00e4 koostuu partiolaisista, jotka ovat i\u00e4lt\u00e4\u00e4n 10-12 vuotiaita.\u00a0Tarpojaryhm\u00e4n partiolaiset ovat 13-15 vuotiaita. Toimintavuoteen kuuluu kokoukset oman ryhm\u00e4n kanssa, lippukunnan omalla er\u00e4k\u00e4mp\u00e4ll\u00e4 eli Loppulassa k\u00e4yminen sek\u00e4 leirit. Loppulassa pyrit\u00e4\u00e4n [&hellip;]<\/p>\n","protected":false},"author":1,"featured_media":0,"parent":0,"menu_order":0,"comment_status":"closed","ping_status":"closed","template":"","meta":{"footnotes":""},"class_list":["post-11","page","type-page","status-publish","hentry"],"jetpack_sharing_enabled":true,"_links":{"self":[{"href":"https:\/\/kokkopartio.fi\/index.php?rest_route=\/wp\/v2\/pages\/11","targetHints":{"allow":["GET"]}}],"collection":[{"href":"https:\/\/kokkopartio.fi\/index.php?rest_route=\/wp\/v2\/pages"}],"about":[{"href":"https:\/\/kokkopartio.fi\/index.php?rest_route=\/wp\/v2\/types\/page"}],"author":[{"embeddable":true,"href":"https:\/\/kokkopartio.fi\/index.php?rest_route=\/wp\/v2\/users\/1"}],"replies":[{"embeddable":true,"href":"https:\/\/kokkopartio.fi\/index.php?rest_route=%2Fwp%2Fv2%2Fcomments&post=11"}],"version-history":[{"count":17,"href":"https:\/\/kokkopartio.fi\/index.php?rest_route=\/wp\/v2\/pages\/11\/revisions"}],"predecessor-version":[{"id":271,"href":"https:\/\/kokkopartio.fi\/index.php?rest_route=\/wp\/v2\/pages\/11\/revisions\/271"}],"wp:attachment":[{"href":"https:\/\/kokkopartio.fi\/index.php?rest_route=%2Fwp%2Fv2%2Fmedia&parent=11"}],"curies":[{"name":"wp","href":"https:\/\/api.w.org\/{rel}","templated":true}]}}